{"id":91,"date":"2020-07-02T17:54:11","date_gmt":"2020-07-02T17:54:11","guid":{"rendered":"https:\/\/demosites.io\/doctor-gb\/?page_id=91"},"modified":"2023-06-26T06:17:00","modified_gmt":"2023-06-26T06:17:00","slug":"260c8-contact","status":"publish","type":"page","link":"https:\/\/psychiatrische-praxis-oestringen.de\/?page_id=91","title":{"rendered":"Sprechzeiten &#038; Kontakt"},"content":{"rendered":"\n<div class=\"wp-block-themeisle-blocks-advanced-columns alignfull has-1-columns has-desktop-equal-layout has-tablet-equal-layout has-mobile-equal-layout has-default-gap has-vertical-unset\" id=\"wp-block-themeisle-blocks-advanced-columns-1a23c41a\"><div class=\"wp-block-themeisle-blocks-advanced-columns-overlay\"><\/div><div class=\"innerblocks-wrap\">\n<div class=\"wp-block-themeisle-blocks-advanced-column\" id=\"wp-block-themeisle-blocks-advanced-column-1f2ed3de\">\n<h1 class=\"has-text-align-center has-nv-text-dark-bg-color has-text-color\">Sprechzeiten &amp; Kontakt<\/h1>\n<\/div>\n<\/div><\/div>\n\n\n\n<div class=\"wp-block-themeisle-blocks-advanced-columns alignfull has-1-columns has-desktop-equal-layout has-tablet-equal-layout has-mobile-equal-layout has-default-gap has-vertical-unset\" id=\"wp-block-themeisle-blocks-advanced-columns-5209eab1\"><div class=\"wp-block-themeisle-blocks-advanced-columns-overlay\"><\/div><div class=\"innerblocks-wrap\">\n<div class=\"wp-block-themeisle-blocks-advanced-column\" id=\"wp-block-themeisle-blocks-advanced-column-9eb20d6d\">\n<h2 class=\"has-text-align-center\">Sprechzeiten<\/h2>\n\n\n\n<hr class=\"wp-block-separator has-text-color has-background has-neve-btn-text-background-color has-neve-btn-text-color is-style-default\"\/>\n\n\n\n<div class=\"wp-block-columns\">\n<div class=\"wp-block-column\">\n<p class=\"has-text-align-right\">Mo &#8211; Fr :<br>Mo, Di, Do :<\/p>\n<\/div>\n\n\n\n<div class=\"wp-block-column\">\n<p> 8:00 &#8211; 13:00 Uhr <br> 14:00 &#8211; 17:00 Uhr  <\/p>\n<\/div>\n<\/div>\n\n\n\n<div style=\"height:20px\" aria-hidden=\"true\" class=\"wp-block-spacer\"><\/div>\n\n\n\n<div class=\"wp-block-themeisle-blocks-advanced-columns has-1-columns has-desktop-equal-layout has-tablet-equal-layout has-mobile-equal-layout has-default-gap has-vertical-unset\" id=\"wp-block-themeisle-blocks-advanced-columns-6b56ca94\"><div class=\"wp-block-themeisle-blocks-advanced-columns-overlay\"><\/div><div class=\"innerblocks-wrap\">\n<div class=\"wp-block-themeisle-blocks-advanced-column\" id=\"wp-block-themeisle-blocks-advanced-column-204413a4\"><\/div>\n<\/div><\/div>\n<\/div>\n<\/div><\/div>\n\n\n\n<div class=\"wp-block-themeisle-blocks-advanced-columns alignfull has-1-columns has-desktop-equal-layout has-tablet-equal-layout has-mobile-equal-layout has-default-gap has-vertical-unset\" id=\"wp-block-themeisle-blocks-advanced-columns-f75b1c80\"><div class=\"wp-block-themeisle-blocks-advanced-columns-overlay\"><\/div><div class=\"innerblocks-wrap\">\n<div class=\"wp-block-themeisle-blocks-advanced-column\" id=\"wp-block-themeisle-blocks-advanced-column-20f9e6cd\">\n<h2 class=\"has-text-align-center\">Offene Sprechstunde<\/h2>\n\n\n\n<hr class=\"wp-block-separator has-text-color has-background has-neve-btn-text-background-color has-neve-btn-text-color is-style-default\"\/>\n\n\n\n<div class=\"wp-block-columns\">\n<div class=\"wp-block-column\">\n<p class=\"has-text-align-right\">Mo &#8211; Fr :<\/p>\n<\/div>\n\n\n\n<div class=\"wp-block-column\">\n<p> 7:00 &#8211; 8:00 Uhr <br><\/p>\n<\/div>\n<\/div>\n\n\n\n<p>Bereits bekannte Patienten\/innen k\u00f6nnen die offene Sprechstunde ohne Terminvereinbarung f\u00fcr eine Anpassung der Medikation oder \u00e4rztliche R\u00fccksprachen nutzen.<\/p>\n\n\n\n<p><br>! Die offene Sprechstunde ersetzt jedoch keine Therapie oder regul\u00e4re Beratung.<\/p>\n\n\n\n<div style=\"height:20px\" aria-hidden=\"true\" class=\"wp-block-spacer\"><\/div>\n\n\n\n<div class=\"wp-block-themeisle-blocks-advanced-columns has-1-columns has-desktop-equal-layout has-tablet-equal-layout has-mobile-equal-layout has-default-gap has-vertical-unset\" id=\"wp-block-themeisle-blocks-advanced-columns-649d3102\"><div class=\"wp-block-themeisle-blocks-advanced-columns-overlay\"><\/div><div class=\"innerblocks-wrap\">\n<div class=\"wp-block-themeisle-blocks-advanced-column\" id=\"wp-block-themeisle-blocks-advanced-column-140e3064\"><\/div>\n<\/div><\/div>\n<\/div>\n<\/div><\/div>\n\n\n\n<div class=\"wp-block-themeisle-blocks-advanced-columns alignfull has-1-columns has-desktop-equal-layout has-tablet-equal-layout has-mobile-equal-layout has-default-gap has-vertical-unset\" id=\"wp-block-themeisle-blocks-advanced-columns-182d0147\"><div class=\"wp-block-themeisle-blocks-advanced-columns-overlay\"><\/div><div class=\"innerblocks-wrap\">\n<div class=\"wp-block-themeisle-blocks-advanced-column\" id=\"wp-block-themeisle-blocks-advanced-column-88a9ef0e\">\n<h2 class=\"has-text-align-center\">Psychotherapeutische Sprechstunde<\/h2>\n\n\n\n<hr class=\"wp-block-separator has-text-color has-background has-neve-btn-text-background-color has-neve-btn-text-color is-style-default\"\/>\n\n\n\n<p>Termine nur nach Vereinbarung, Psychotherapeutische Pl\u00e4tze begrenzt!<\/p>\n\n\n\n<div style=\"height:20px\" aria-hidden=\"true\" class=\"wp-block-spacer\"><\/div>\n\n\n\n<div class=\"wp-block-themeisle-blocks-advanced-columns has-1-columns has-desktop-equal-layout has-tablet-equal-layout has-mobile-equal-layout has-default-gap has-vertical-unset\" id=\"wp-block-themeisle-blocks-advanced-columns-d6aed829\"><div class=\"wp-block-themeisle-blocks-advanced-columns-overlay\"><\/div><div class=\"innerblocks-wrap\">\n<div class=\"wp-block-themeisle-blocks-advanced-column\" id=\"wp-block-themeisle-blocks-advanced-column-1f23ff6a\"><\/div>\n<\/div><\/div>\n<\/div>\n<\/div><\/div>\n\n\n\n<div class=\"wp-block-themeisle-blocks-advanced-columns alignfull has-2-columns has-desktop-oneTwo-layout has-tablet-equal-layout has-mobile-collapsedRows-layout has-default-gap has-vertical-unset\" id=\"wp-block-themeisle-blocks-advanced-columns-0bea1d69\"><div class=\"wp-block-themeisle-blocks-advanced-columns-overlay\"><\/div><div class=\"innerblocks-wrap\">\n<div class=\"wp-block-themeisle-blocks-advanced-column\" id=\"wp-block-themeisle-blocks-advanced-column-6a304aa0\">\n<h3 class=\"has-white-color has-text-color\">Kontakt<\/h3>\n\n\n\n<div class=\"wp-block-themeisle-blocks-icon-list\" id=\"wp-block-themeisle-blocks-icon-list-6b7a2a84\">\n<div class=\"wp-block-themeisle-blocks-icon-list-item\" id=\"wp-block-themeisle-blocks-icon-list-item-b8b9f4c9\"><i class=\"fas fa-phone-alt wp-block-themeisle-blocks-icon-list-item-icon-custom\"><\/i><p class=\"wp-block-themeisle-blocks-icon-list-item-content-custom\">07253 &#8211; 84 545 12<\/p><\/div>\n\n\n\n<div class=\"wp-block-themeisle-blocks-icon-list-item\" id=\"wp-block-themeisle-blocks-icon-list-item-041486e3\"><i class=\"fas fa-fax wp-block-themeisle-blocks-icon-list-item-icon-custom\"><\/i><p class=\"wp-block-themeisle-blocks-icon-list-item-content-custom\">07253 &#8211; 84 545 13<\/p><\/div>\n\n\n\n<div class=\"wp-block-themeisle-blocks-icon-list-item\" id=\"wp-block-themeisle-blocks-icon-list-item-18433369\"><i class=\"fas fa-envelope wp-block-themeisle-blocks-icon-list-item-icon-custom\"><\/i><p class=\"wp-block-themeisle-blocks-icon-list-item-content-custom\">mail@psychiatrische-praxis-oestringen.de<\/p><\/div>\n<\/div>\n<\/div>\n\n\n\n<div class=\"wp-block-themeisle-blocks-advanced-column contact-form\" id=\"wp-block-themeisle-blocks-advanced-column-e1e36f52\">\n<p><\/p>\n\n\n\n<p><\/p>\n\n\n\n<h2>Psychiatrische Praxis \u00d6stringen<\/h2>\n\n\n\n<p class=\"has-neve-text-color-color has-text-color\">Yanina Sy<br>Fach\u00e4rztin f\u00fcr Psychiatrie und Psychotherapie<\/p>\n\n\n\n<p><strong>Adresse:<br><\/strong>Georgstra\u00dfe 16, 76684 \u00d6stringen <\/p>\n<\/div>\n<\/div><\/div>\n","protected":false},"excerpt":{"rendered":"","protected":false},"author":1,"featured_media":0,"parent":0,"menu_order":0,"comment_status":"closed","ping_status":"closed","template":"","meta":{"neve_meta_sidebar":"full-width","neve_meta_container":"","neve_meta_enable_content_width":"on","neve_meta_content_width":100,"neve_meta_title_alignment":"","neve_meta_author_avatar":"","neve_post_elements_order":"","neve_meta_disable_header":"","neve_meta_disable_footer":"","neve_meta_disable_title":"on","_themeisle_gutenberg_block_has_review":false,"_ti_tpc_template_sync":false,"_ti_tpc_template_id":"hl7z0wyoewo354gktueo"},"_links":{"self":[{"href":"https:\/\/psychiatrische-praxis-oestringen.de\/index.php?rest_route=\/wp\/v2\/pages\/91"}],"collection":[{"href":"https:\/\/psychiatrische-praxis-oestringen.de\/index.php?rest_route=\/wp\/v2\/pages"}],"about":[{"href":"https:\/\/psychiatrische-praxis-oestringen.de\/index.php?rest_route=\/wp\/v2\/types\/page"}],"author":[{"embeddable":true,"href":"https:\/\/psychiatrische-praxis-oestringen.de\/index.php?rest_route=\/wp\/v2\/users\/1"}],"replies":[{"embeddable":true,"href":"https:\/\/psychiatrische-praxis-oestringen.de\/index.php?rest_route=%2Fwp%2Fv2%2Fcomments&post=91"}],"version-history":[{"count":23,"href":"https:\/\/psychiatrische-praxis-oestringen.de\/index.php?rest_route=\/wp\/v2\/pages\/91\/revisions"}],"predecessor-version":[{"id":544,"href":"https:\/\/psychiatrische-praxis-oestringen.de\/index.php?rest_route=\/wp\/v2\/pages\/91\/revisions\/544"}],"wp:attachment":[{"href":"https:\/\/psychiatrische-praxis-oestringen.de\/index.php?rest_route=%2Fwp%2Fv2%2Fmedia&parent=91"}],"curies":[{"name":"wp","href":"https:\/\/api.w.org\/{rel}","templated":true}]}}

<div class="wp-block-themeisle-blocks-advanced-columns alignfull has-1-columns has-desktop-equal-layout has-tablet-equal-layout has-mobile-equal-layout has-default-gap has-vertical-unset" id="wp-block-themeisle-blocks-advanced-columns-1a23c41a"><div class="wp-block-themeisle-blocks-advanced-columns-overlay"></div><div class="innerblocks-wrap">
<div class="wp-block-themeisle-blocks-advanced-column" id="wp-block-themeisle-blocks-advanced-column-1f2ed3de">
<h1 class="has-text-align-center has-nv-text-dark-bg-color has-text-color">Sprechzeiten &amp; Kontakt</h1>
</div>
</div></div>



<div class="wp-block-themeisle-blocks-advanced-columns alignfull has-1-columns has-desktop-equal-layout has-tablet-equal-layout has-mobile-equal-layout has-default-gap has-vertical-unset" id="wp-block-themeisle-blocks-advanced-columns-5209eab1"><div class="wp-block-themeisle-blocks-advanced-columns-overlay"></div><div class="innerblocks-wrap">
<div class="wp-block-themeisle-blocks-advanced-column" id="wp-block-themeisle-blocks-advanced-column-9eb20d6d">
<h2 class="has-text-align-center">Sprechzeiten</h2>



<hr class="wp-block-separator has-text-color has-background has-neve-btn-text-background-color has-neve-btn-text-color is-style-default"/>



<div class="wp-block-columns">
<div class="wp-block-column">
<p class="has-text-align-right">Mo &#8211; Fr :<br>Mo, Di, Do :</p>
</div>



<div class="wp-block-column">
<p> 8:00 &#8211; 13:00 Uhr <br> 14:00 &#8211; 17:00 Uhr  </p>
</div>
</div>



<div style="height:20px" aria-hidden="true" class="wp-block-spacer"></div>



<div class="wp-block-themeisle-blocks-advanced-columns has-1-columns has-desktop-equal-layout has-tablet-equal-layout has-mobile-equal-layout has-default-gap has-vertical-unset" id="wp-block-themeisle-blocks-advanced-columns-6b56ca94"><div class="wp-block-themeisle-blocks-advanced-columns-overlay"></div><div class="innerblocks-wrap">
<div class="wp-block-themeisle-blocks-advanced-column" id="wp-block-themeisle-blocks-advanced-column-204413a4"></div>
</div></div>
</div>
</div></div>



<div class="wp-block-themeisle-blocks-advanced-columns alignfull has-1-columns has-desktop-equal-layout has-tablet-equal-layout has-mobile-equal-layout has-default-gap has-vertical-unset" id="wp-block-themeisle-blocks-advanced-columns-f75b1c80"><div class="wp-block-themeisle-blocks-advanced-columns-overlay"></div><div class="innerblocks-wrap">
<div class="wp-block-themeisle-blocks-advanced-column" id="wp-block-themeisle-blocks-advanced-column-20f9e6cd">
<h2 class="has-text-align-center">Offene Sprechstunde</h2>



<hr class="wp-block-separator has-text-color has-background has-neve-btn-text-background-color has-neve-btn-text-color is-style-default"/>



<div class="wp-block-columns">
<div class="wp-block-column">
<p class="has-text-align-right">Mo &#8211; Fr :</p>
</div>



<div class="wp-block-column">
<p> 7:00 &#8211; 8:00 Uhr <br></p>
</div>
</div>



<p>Bereits bekannte Patienten/innen können die offene Sprechstunde ohne Terminvereinbarung für eine Anpassung der Medikation oder ärztliche Rücksprachen nutzen.</p>



<p><br>! Die offene Sprechstunde ersetzt jedoch keine Therapie oder reguläre Beratung.</p>



<div style="height:20px" aria-hidden="true" class="wp-block-spacer"></div>



<div class="wp-block-themeisle-blocks-advanced-columns has-1-columns has-desktop-equal-layout has-tablet-equal-layout has-mobile-equal-layout has-default-gap has-vertical-unset" id="wp-block-themeisle-blocks-advanced-columns-649d3102"><div class="wp-block-themeisle-blocks-advanced-columns-overlay"></div><div class="innerblocks-wrap">
<div class="wp-block-themeisle-blocks-advanced-column" id="wp-block-themeisle-blocks-advanced-column-140e3064"></div>
</div></div>
</div>
</div></div>



<div class="wp-block-themeisle-blocks-advanced-columns alignfull has-1-columns has-desktop-equal-layout has-tablet-equal-layout has-mobile-equal-layout has-default-gap has-vertical-unset" id="wp-block-themeisle-blocks-advanced-columns-182d0147"><div class="wp-block-themeisle-blocks-advanced-columns-overlay"></div><div class="innerblocks-wrap">
<div class="wp-block-themeisle-blocks-advanced-column" id="wp-block-themeisle-blocks-advanced-column-88a9ef0e">
<h2 class="has-text-align-center">Psychotherapeutische Sprechstunde</h2>



<hr class="wp-block-separator has-text-color has-background has-neve-btn-text-background-color has-neve-btn-text-color is-style-default"/>



<p>Termine nur nach Vereinbarung, Psychotherapeutische Plätze begrenzt!</p>



<div style="height:20px" aria-hidden="true" class="wp-block-spacer"></div>



<div class="wp-block-themeisle-blocks-advanced-columns has-1-columns has-desktop-equal-layout has-tablet-equal-layout has-mobile-equal-layout has-default-gap has-vertical-unset" id="wp-block-themeisle-blocks-advanced-columns-d6aed829"><div class="wp-block-themeisle-blocks-advanced-columns-overlay"></div><div class="innerblocks-wrap">
<div class="wp-block-themeisle-blocks-advanced-column" id="wp-block-themeisle-blocks-advanced-column-1f23ff6a"></div>
</div></div>
</div>
</div></div>



<div class="wp-block-themeisle-blocks-advanced-columns alignfull has-2-columns has-desktop-oneTwo-layout has-tablet-equal-layout has-mobile-collapsedRows-layout has-default-gap has-vertical-unset" id="wp-block-themeisle-blocks-advanced-columns-0bea1d69"><div class="wp-block-themeisle-blocks-advanced-columns-overlay"></div><div class="innerblocks-wrap">
<div class="wp-block-themeisle-blocks-advanced-column" id="wp-block-themeisle-blocks-advanced-column-6a304aa0">
<h3 class="has-white-color has-text-color">Kontakt</h3>



<div class="wp-block-themeisle-blocks-icon-list" id="wp-block-themeisle-blocks-icon-list-6b7a2a84">
<div class="wp-block-themeisle-blocks-icon-list-item" id="wp-block-themeisle-blocks-icon-list-item-b8b9f4c9"><i class="fas fa-phone-alt wp-block-themeisle-blocks-icon-list-item-icon-custom"></i><p class="wp-block-themeisle-blocks-icon-list-item-content-custom">07253 &#8211; 84 545 12</p></div>



<div class="wp-block-themeisle-blocks-icon-list-item" id="wp-block-themeisle-blocks-icon-list-item-041486e3"><i class="fas fa-fax wp-block-themeisle-blocks-icon-list-item-icon-custom"></i><p class="wp-block-themeisle-blocks-icon-list-item-content-custom">07253 &#8211; 84 545 13</p></div>



<div class="wp-block-themeisle-blocks-icon-list-item" id="wp-block-themeisle-blocks-icon-list-item-18433369"><i class="fas fa-envelope wp-block-themeisle-blocks-icon-list-item-icon-custom"></i><p class="wp-block-themeisle-blocks-icon-list-item-content-custom">mail@psychiatrische-praxis-oestringen.de</p></div>
</div>
</div>



<div class="wp-block-themeisle-blocks-advanced-column contact-form" id="wp-block-themeisle-blocks-advanced-column-e1e36f52">
<p></p>



<p></p>



<h2>Psychiatrische Praxis Östringen</h2>



<p class="has-neve-text-color-color has-text-color">Yanina Sy<br>Fachärztin für Psychiatrie und Psychotherapie</p>



<p><strong>Adresse:<br></strong>Georgstraße 16, 76684 Östringen </p>
</div>
</div></div>
